{"id":792,"date":"2025-09-11T02:42:04","date_gmt":"2025-09-11T02:42:04","guid":{"rendered":"https:\/\/ktech1.k-tech-services.com\/info314\/?post_type=product&#038;p=792"},"modified":"2025-09-11T03:58:08","modified_gmt":"2025-09-11T03:58:08","slug":"mut-xop-thong-thuong","status":"publish","type":"product","link":"https:\/\/ktech1.k-tech-services.com\/info314\/product\/mut-xop-thong-thuong\/","title":{"rendered":"M\u00fat x\u1ed1p th\u00f4ng th\u01b0\u1eddng"},"content":{"rendered":"<p data-start=\"113\" data-end=\"127\"><strong data-start=\"113\" data-end=\"125\">\u0110\u1eb7c t\u00ednh<\/strong><\/p>\n<ul data-start=\"128\" data-end=\"350\">\n<li data-start=\"128\" data-end=\"224\">\n<p data-start=\"130\" data-end=\"224\">C\u00f3 t\u00ednh ch\u1ea5t c\u00e2n b\u1eb1ng, \u0111\u01b0\u1ee3c s\u1eed d\u1ee5ng r\u1ed9ng r\u00e3i nh\u1ea5t trong n\u01b0\u1edbc, kh\u1ea3 n\u0103ng \u0111\u00e0n h\u1ed3i ph\u1ee5c h\u1ed3i t\u1ed1t.<\/p>\n<\/li>\n<li data-start=\"225\" data-end=\"350\">\n<p data-start=\"227\" data-end=\"350\">C\u00f3 th\u1ec3 s\u1ea3n xu\u1ea5t v\u1edbi nhi\u1ec1u lo\u1ea1i t\u1ec9 tr\u1ecdng v\u00e0 \u0111\u1ed9 c\u1ee9ng kh\u00e1c nhau, \u0111\u00e1p \u1ee9ng \u0111a d\u1ea1ng nhu c\u1ea7u v\u00e0 ph\u1ea1m vi \u1ee9ng d\u1ee5ng c\u1ee7a kh\u00e1ch h\u00e0ng.<\/p>\n<\/li>\n<\/ul>\n<p data-start=\"352\" data-end=\"366\"><strong data-start=\"352\" data-end=\"364\">\u1ee8ng d\u1ee5ng<\/strong><\/p>\n<ul data-start=\"367\" data-end=\"475\">\n<li data-start=\"367\" data-end=\"475\">\n<p data-start=\"369\" data-end=\"475\">L\u00e0m \u0111\u1ec7m (Cushion), t\u1ea5m l\u00f3t (Pad), v\u1eadt li\u1ec7u \u0111\u00f3ng g\u00f3i linh ki\u1ec7n \u0111i\u1ec7n t\u1eed (Packing), v\u1eadt li\u1ec7u n\u1ed9i th\u1ea5t, v.v.<\/p>\n<\/li>\n<\/ul>\n<p data-start=\"477\" data-end=\"496\"><strong data-start=\"477\" data-end=\"494\">V\u00ed d\u1ee5 s\u1eed d\u1ee5ng<\/strong><\/p>\n<ul data-start=\"497\" data-end=\"570\">\n<li data-start=\"497\" data-end=\"570\">\n<p data-start=\"499\" data-end=\"570\">Album \u1ea3nh, k\u1eb9p \u00e9p, gi\u00e0y d\u00e9p, v\u00e0 c\u00e1c lo\u1ea1i v\u1eadt li\u1ec7u \u0111\u1ec7m ph\u1ed5 th\u00f4ng kh\u00e1c.<\/p>\n<\/li>\n<\/ul>\n","protected":false},"excerpt":{"rendered":"<p>\u0110\u1eb7c t\u00ednh C\u00f3 t\u00ednh ch\u1ea5t c\u00e2n b\u1eb1ng, \u0111\u01b0\u1ee3c s\u1eed d\u1ee5ng r\u1ed9ng r\u00e3i nh\u1ea5t trong n\u01b0\u1edbc, kh\u1ea3 n\u0103ng \u0111\u00e0n h\u1ed3i ph\u1ee5c h\u1ed3i t\u1ed1t. C\u00f3 th\u1ec3 s\u1ea3n xu\u1ea5t v\u1edbi nhi\u1ec1u lo\u1ea1i t\u1ec9 tr\u1ecdng v\u00e0 \u0111\u1ed9 c\u1ee9ng kh\u00e1c nhau, \u0111\u00e1p \u1ee9ng \u0111a d\u1ea1ng nhu c\u1ea7u v\u00e0 ph\u1ea1m vi \u1ee9ng d\u1ee5ng c\u1ee7a kh\u00e1ch h\u00e0ng. \u1ee8ng d\u1ee5ng L\u00e0m \u0111\u1ec7m (Cushion),&#8230;<\/p>\n","protected":false},"featured_media":795,"comment_status":"open","ping_status":"closed","template":"","meta":{"_acf_changed":false},"product_brand":[],"product_cat":[70],"product_tag":[],"class_list":{"0":"post-792","1":"product","2":"type-product","3":"status-publish","4":"has-post-thumbnail","6":"product_cat-mut-xop","8":"first","9":"instock","10":"shipping-taxable","11":"product-type-simple"},"acf":[],"_links":{"self":[{"href":"https:\/\/ktech1.k-tech-services.com\/info314\/wp-json\/wp\/v2\/product\/792","targetHints":{"allow":["GET"]}}],"collection":[{"href":"https:\/\/ktech1.k-tech-services.com\/info314\/wp-json\/wp\/v2\/product"}],"about":[{"href":"https:\/\/ktech1.k-tech-services.com\/info314\/wp-json\/wp\/v2\/types\/product"}],"replies":[{"embeddable":true,"href":"https:\/\/ktech1.k-tech-services.com\/info314\/wp-json\/wp\/v2\/comments?post=792"}],"wp:featuredmedia":[{"embeddable":true,"href":"https:\/\/ktech1.k-tech-services.com\/info314\/wp-json\/wp\/v2\/media\/795"}],"wp:attachment":[{"href":"https:\/\/ktech1.k-tech-services.com\/info314\/wp-json\/wp\/v2\/media?parent=792"}],"wp:term":[{"taxonomy":"product_brand","embeddable":true,"href":"https:\/\/ktech1.k-tech-services.com\/info314\/wp-json\/wp\/v2\/product_brand?post=792"},{"taxonomy":"product_cat","embeddable":true,"href":"https:\/\/ktech1.k-tech-services.com\/info314\/wp-json\/wp\/v2\/product_cat?post=792"},{"taxonomy":"product_tag","embeddable":true,"href":"https:\/\/ktech1.k-tech-services.com\/info314\/wp-json\/wp\/v2\/product_tag?post=792"}],"curies":[{"name":"wp","href":"https:\/\/api.w.org\/{rel}","templated":true}]}}