{"id":852,"date":"2025-09-11T10:36:14","date_gmt":"2025-09-11T10:36:14","guid":{"rendered":"https:\/\/ktech1.k-tech-services.com\/info314\/?post_type=product&#038;p=852"},"modified":"2025-09-11T10:36:14","modified_gmt":"2025-09-11T10:36:14","slug":"mut-hap-thu-va-dap","status":"publish","type":"product","link":"https:\/\/ktech1.k-tech-services.com\/info314\/product\/mut-hap-thu-va-dap\/","title":{"rendered":"M\u00fat h\u1ea5p th\u1ee5 va \u0111\u1eadp"},"content":{"rendered":"<p data-start=\"39\" data-end=\"53\"><strong data-start=\"39\" data-end=\"51\">\u0110\u1eb7c t\u00ednh<\/strong><\/p>\n<ul data-start=\"54\" data-end=\"267\">\n<li data-start=\"54\" data-end=\"156\">\n<p data-start=\"56\" data-end=\"156\">C\u00f3 <strong data-start=\"59\" data-end=\"87\">\u0111\u1ed9 \u0111\u00e0n h\u1ed3i ho\u00e0n tr\u1ea3 th\u1ea5p<\/strong>, <strong data-start=\"89\" data-end=\"110\">nh\u1ea1y v\u1edbi nhi\u1ec7t \u0111\u1ed9<\/strong> n\u00ean \u0111\u1ed9 c\u1ee9ng c\u1ee7a m\u00fat thay \u0111\u1ed5i theo nhi\u1ec7t \u0111\u1ed9.<\/p>\n<\/li>\n<li data-start=\"157\" data-end=\"267\">\n<p data-start=\"159\" data-end=\"267\"><strong data-start=\"159\" data-end=\"193\">H\u1ea5p th\u1ee5 t\u1ea3i tr\u1ecdng v\u00e0 ch\u1ea5n \u0111\u1ed9ng<\/strong> b\u00ean ngo\u00e0i r\u1ea5t t\u1ed1t, n\u00ean \u0111\u01b0\u1ee3c d\u00f9ng r\u1ed9ng r\u00e3i l\u00e0m <strong data-start=\"240\" data-end=\"266\">v\u1eadt li\u1ec7u gi\u1ea3m ch\u1ea5n\/\u0111\u1ec7m<\/strong>.<\/p>\n<\/li>\n<\/ul>\n<p data-start=\"269\" data-end=\"283\"><strong data-start=\"269\" data-end=\"281\">\u1ee8ng d\u1ee5ng<\/strong><\/p>\n<ul data-start=\"284\" data-end=\"341\">\n<li data-start=\"284\" data-end=\"341\">\n<p data-start=\"286\" data-end=\"341\"><strong data-start=\"286\" data-end=\"308\">C\u00e1c lo\u1ea1i \u0111\u1ed3 b\u1ea3o h\u1ed9<\/strong> v\u00e0 <strong data-start=\"312\" data-end=\"335\">trang ph\u1ee5c th\u1ec3 thao<\/strong>, v.v.<\/p>\n<\/li>\n<\/ul>\n<p data-start=\"343\" data-end=\"362\"><strong data-start=\"343\" data-end=\"360\">V\u00ed d\u1ee5 s\u1eed d\u1ee5ng<\/strong><\/p>\n<ul data-start=\"363\" data-end=\"411\" data-is-last-node=\"\" data-is-only-node=\"\">\n<li data-start=\"363\" data-end=\"411\" data-is-last-node=\"\">\n<p data-start=\"365\" data-end=\"411\" data-is-last-node=\"\"><strong data-start=\"365\" data-end=\"398\">B\u1ed9 b\u1ea3o v\u1ec7 c\u01a1 th\u1ec3 cho th\u1ec3 thao<\/strong> (protector).<\/p>\n<\/li>\n<\/ul>\n","protected":false},"excerpt":{"rendered":"<p>\u0110\u1eb7c t\u00ednh C\u00f3 \u0111\u1ed9 \u0111\u00e0n h\u1ed3i ho\u00e0n tr\u1ea3 th\u1ea5p, nh\u1ea1y v\u1edbi nhi\u1ec7t \u0111\u1ed9 n\u00ean \u0111\u1ed9 c\u1ee9ng c\u1ee7a m\u00fat thay \u0111\u1ed5i theo nhi\u1ec7t \u0111\u1ed9. H\u1ea5p th\u1ee5 t\u1ea3i tr\u1ecdng v\u00e0 ch\u1ea5n \u0111\u1ed9ng b\u00ean ngo\u00e0i r\u1ea5t t\u1ed1t, n\u00ean \u0111\u01b0\u1ee3c d\u00f9ng r\u1ed9ng r\u00e3i l\u00e0m v\u1eadt li\u1ec7u gi\u1ea3m ch\u1ea5n\/\u0111\u1ec7m. \u1ee8ng d\u1ee5ng C\u00e1c lo\u1ea1i \u0111\u1ed3 b\u1ea3o h\u1ed9 v\u00e0 trang ph\u1ee5c th\u1ec3&#8230;<\/p>\n","protected":false},"featured_media":855,"comment_status":"open","ping_status":"closed","template":"","meta":{"_acf_changed":false},"product_brand":[],"product_cat":[70],"product_tag":[],"class_list":{"0":"post-852","1":"product","2":"type-product","3":"status-publish","4":"has-post-thumbnail","6":"product_cat-mut-xop","8":"first","9":"instock","10":"shipping-taxable","11":"product-type-simple"},"acf":[],"_links":{"self":[{"href":"https:\/\/ktech1.k-tech-services.com\/info314\/wp-json\/wp\/v2\/product\/852","targetHints":{"allow":["GET"]}}],"collection":[{"href":"https:\/\/ktech1.k-tech-services.com\/info314\/wp-json\/wp\/v2\/product"}],"about":[{"href":"https:\/\/ktech1.k-tech-services.com\/info314\/wp-json\/wp\/v2\/types\/product"}],"replies":[{"embeddable":true,"href":"https:\/\/ktech1.k-tech-services.com\/info314\/wp-json\/wp\/v2\/comments?post=852"}],"wp:featuredmedia":[{"embeddable":true,"href":"https:\/\/ktech1.k-tech-services.com\/info314\/wp-json\/wp\/v2\/media\/855"}],"wp:attachment":[{"href":"https:\/\/ktech1.k-tech-services.com\/info314\/wp-json\/wp\/v2\/media?parent=852"}],"wp:term":[{"taxonomy":"product_brand","embeddable":true,"href":"https:\/\/ktech1.k-tech-services.com\/info314\/wp-json\/wp\/v2\/product_brand?post=852"},{"taxonomy":"product_cat","embeddable":true,"href":"https:\/\/ktech1.k-tech-services.com\/info314\/wp-json\/wp\/v2\/product_cat?post=852"},{"taxonomy":"product_tag","embeddable":true,"href":"https:\/\/ktech1.k-tech-services.com\/info314\/wp-json\/wp\/v2\/product_tag?post=852"}],"curies":[{"name":"wp","href":"https:\/\/api.w.org\/{rel}","templated":true}]}}