{"id":871,"date":"2025-09-11T11:03:34","date_gmt":"2025-09-11T11:03:34","guid":{"rendered":"https:\/\/ktech1.k-tech-services.com\/info314\/?post_type=product&#038;p=871"},"modified":"2025-09-11T11:03:35","modified_gmt":"2025-09-11T11:03:35","slug":"mut-nho-do-phuc-hoi-cham","status":"publish","type":"product","link":"https:\/\/ktech1.k-tech-services.com\/info314\/product\/mut-nho-do-phuc-hoi-cham\/","title":{"rendered":"M\u00fat nh\u1edb \u2013 \u0110\u1ed9 ph\u1ee5c h\u1ed3i ch\u1eadm"},"content":{"rendered":"<p data-start=\"62\" data-end=\"76\"><strong data-start=\"62\" data-end=\"74\">\u0110\u1eb7c t\u00ednh<\/strong><\/p>\n<ul data-start=\"77\" data-end=\"310\">\n<li data-start=\"77\" data-end=\"223\">\n<p data-start=\"79\" data-end=\"223\">L\u00e0 lo\u1ea1i m\u00fat <strong data-start=\"91\" data-end=\"118\">viscoelastic (\u0111\u00e0n nh\u1edbt)<\/strong>, c\u00f3 <strong data-start=\"123\" data-end=\"160\">\u0111\u1ed9 ho\u00e0n tr\u1ea3 th\u1ea5p\/\u0111\u1ed9 ph\u1ee5c h\u1ed3i ch\u1eadm<\/strong> nh\u01b0ng <strong data-start=\"167\" data-end=\"220\">\u0111\u1ed9 bi\u1ebfn d\u1ea1ng n\u00e9n v\u0129nh vi\u1ec5n (compression set) th\u1ea5p<\/strong>.<\/p>\n<\/li>\n<li data-start=\"224\" data-end=\"310\">\n<p data-start=\"226\" data-end=\"310\"><strong data-start=\"226\" data-end=\"248\">H\u1ea5p th\u1ee5 n\u0103ng l\u01b0\u1ee3ng<\/strong> v\u00e0 <strong data-start=\"252\" data-end=\"274\">ph\u00e2n t\u00e1n t\u1ea3i tr\u1ecdng<\/strong> t\u1ed1t, <strong data-start=\"280\" data-end=\"305\">\u0111\u1ed9 nh\u1ea1y theo nhi\u1ec7t \u0111\u1ed9<\/strong> cao.<\/p>\n<\/li>\n<\/ul>\n<p data-start=\"312\" data-end=\"326\"><strong data-start=\"312\" data-end=\"324\">\u1ee8ng d\u1ee5ng<\/strong><\/p>\n<ul data-start=\"327\" data-end=\"408\">\n<li data-start=\"327\" data-end=\"408\">\n<p data-start=\"329\" data-end=\"408\"><strong data-start=\"329\" data-end=\"336\">G\u1ed1i<\/strong>, <strong data-start=\"338\" data-end=\"345\">n\u1ec7m<\/strong>, <strong data-start=\"347\" data-end=\"366\">ch\u0103n ga g\u1ed1i n\u1ec7m<\/strong>, <strong data-start=\"368\" data-end=\"383\">\u0111\u1ed3 th\u1ec3 thao<\/strong>, <strong data-start=\"385\" data-end=\"402\">thi\u1ebft b\u1ecb y t\u1ebf<\/strong>, v.v.<\/p>\n<\/li>\n<\/ul>\n<p data-start=\"410\" data-end=\"429\"><strong data-start=\"410\" data-end=\"427\">V\u00ed d\u1ee5 s\u1eed d\u1ee5ng<\/strong><\/p>\n<ul data-start=\"430\" data-end=\"514\" data-is-last-node=\"\" data-is-only-node=\"\">\n<li data-start=\"430\" data-end=\"514\" data-is-last-node=\"\">\n<p data-start=\"432\" data-end=\"514\" data-is-last-node=\"\">G\u1ed1i, n\u1ec7m, <strong data-start=\"442\" data-end=\"482\">th\u1ea3m \u0111\u1ee9ng nh\u00e0 b\u1ebfp (anti-fatigue mat)<\/strong>, <strong data-start=\"484\" data-end=\"513\">bedding\/\u0111\u1ec7m d\u00f9ng cho y t\u1ebf<\/strong>.<\/p>\n<\/li>\n<\/ul>\n","protected":false},"excerpt":{"rendered":"<p>\u0110\u1eb7c t\u00ednh L\u00e0 lo\u1ea1i m\u00fat viscoelastic (\u0111\u00e0n nh\u1edbt), c\u00f3 \u0111\u1ed9 ho\u00e0n tr\u1ea3 th\u1ea5p\/\u0111\u1ed9 ph\u1ee5c h\u1ed3i ch\u1eadm nh\u01b0ng \u0111\u1ed9 bi\u1ebfn d\u1ea1ng n\u00e9n v\u0129nh vi\u1ec5n (compression set) th\u1ea5p. H\u1ea5p th\u1ee5 n\u0103ng l\u01b0\u1ee3ng v\u00e0 ph\u00e2n t\u00e1n t\u1ea3i tr\u1ecdng t\u1ed1t, \u0111\u1ed9 nh\u1ea1y theo nhi\u1ec7t \u0111\u1ed9 cao. \u1ee8ng d\u1ee5ng G\u1ed1i, n\u1ec7m, ch\u0103n ga g\u1ed1i n\u1ec7m, \u0111\u1ed3 th\u1ec3 thao, thi\u1ebft b\u1ecb&#8230;<\/p>\n","protected":false},"featured_media":875,"comment_status":"open","ping_status":"closed","template":"","meta":{"_acf_changed":false},"product_brand":[],"product_cat":[70],"product_tag":[],"class_list":{"0":"post-871","1":"product","2":"type-product","3":"status-publish","4":"has-post-thumbnail","6":"product_cat-mut-xop","8":"first","9":"instock","10":"shipping-taxable","11":"product-type-simple"},"acf":[],"_links":{"self":[{"href":"https:\/\/ktech1.k-tech-services.com\/info314\/wp-json\/wp\/v2\/product\/871","targetHints":{"allow":["GET"]}}],"collection":[{"href":"https:\/\/ktech1.k-tech-services.com\/info314\/wp-json\/wp\/v2\/product"}],"about":[{"href":"https:\/\/ktech1.k-tech-services.com\/info314\/wp-json\/wp\/v2\/types\/product"}],"replies":[{"embeddable":true,"href":"https:\/\/ktech1.k-tech-services.com\/info314\/wp-json\/wp\/v2\/comments?post=871"}],"wp:featuredmedia":[{"embeddable":true,"href":"https:\/\/ktech1.k-tech-services.com\/info314\/wp-json\/wp\/v2\/media\/875"}],"wp:attachment":[{"href":"https:\/\/ktech1.k-tech-services.com\/info314\/wp-json\/wp\/v2\/media?parent=871"}],"wp:term":[{"taxonomy":"product_brand","embeddable":true,"href":"https:\/\/ktech1.k-tech-services.com\/info314\/wp-json\/wp\/v2\/product_brand?post=871"},{"taxonomy":"product_cat","embeddable":true,"href":"https:\/\/ktech1.k-tech-services.com\/info314\/wp-json\/wp\/v2\/product_cat?post=871"},{"taxonomy":"product_tag","embeddable":true,"href":"https:\/\/ktech1.k-tech-services.com\/info314\/wp-json\/wp\/v2\/product_tag?post=871"}],"curies":[{"name":"wp","href":"https:\/\/api.w.org\/{rel}","templated":true}]}}