{"id":1377,"date":"2026-02-02T15:53:00","date_gmt":"2026-02-02T15:53:00","guid":{"rendered":"https:\/\/ktech1.k-tech-services.com\/info526\/?post_type=product&#038;p=1377"},"modified":"2026-02-02T15:53:01","modified_gmt":"2026-02-02T15:53:01","slug":"gach-vuong-gia-da-30-x-30","status":"publish","type":"product","link":"https:\/\/ktech1.k-tech-services.com\/info526\/san-pham\/gach-vuong-gia-da-30-x-30\/","title":{"rendered":"G\u1ea1ch vu\u00f4ng gi\u1ea3 \u0111\u00e1 30 x 30"},"content":{"rendered":"<ul>\n<li data-start=\"2698\" data-end=\"2740\">\n<p data-start=\"2700\" data-end=\"2740\">B\u1ec1 m\u1eb7t m\u00f4 ph\u1ecfng \u0111\u00e1 t\u1ef1 nhi\u00ean, th\u1ea9m m\u1ef9 cao<\/p>\n<\/li>\n<li data-start=\"2741\" data-end=\"2771\">\n<p data-start=\"2743\" data-end=\"2771\">Ch\u1ecbu l\u1ef1c t\u1ed1t, h\u1ea1n ch\u1ebf n\u1ee9t v\u1ee1<\/p>\n<\/li>\n<li data-start=\"2772\" data-end=\"2797\">\n<p data-start=\"2774\" data-end=\"2797\">D\u1ec5 thi c\u00f4ng v\u00e0 ph\u1ed1i l\u00e1t<\/p>\n<\/li>\n<li data-start=\"2798\" data-end=\"2835\">\n<p data-start=\"2800\" data-end=\"2835\">Ph\u00f9 h\u1ee3p s\u00e2n nh\u00e0, v\u1ec9a h\u00e8, khu d\u00e2n c\u01b0<\/p>\n<\/li>\n<li data-start=\"2836\" data-end=\"2862\">\n<p data-start=\"2838\" data-end=\"2862\">Tu\u1ed5i th\u1ecd s\u1eed d\u1ee5ng l\u00e2u d\u00e0i<\/p>\n<\/li>\n<\/ul>\n","protected":false},"excerpt":{"rendered":"<ul data-start=\"1914\" data-end=\"2079\">\n<li data-start=\"1914\" data-end=\"1962\">\n<p data-start=\"1916\" data-end=\"1962\">Thi\u1ebft k\u1ebf gi\u1ea3 \u0111\u00e1 sang tr\u1ecdng, m\u00e0u s\u1eafc t\u1ef1 nhi\u00ean<\/p>\n<\/li>\n<li data-start=\"1963\" data-end=\"1991\">\n<p data-start=\"1965\" data-end=\"1991\">Ch\u1ecbu l\u1ef1c t\u1ed1t, \u00edt m\u00e0i m\u00f2n<\/p>\n<\/li>\n<li data-start=\"1992\" data-end=\"2032\">\n<p data-start=\"1994\" data-end=\"2032\">D\u00f9ng cho s\u00e2n nh\u00e0, v\u1ec9a h\u00e8, khu d\u00e2n c\u01b0<\/p>\n<\/li>\n<li data-start=\"2033\" data-end=\"2079\">\n<p data-start=\"2035\" data-end=\"2079\">D\u1ec5 ph\u1ed1i l\u00e1t v\u1edbi nhi\u1ec1u kh\u00f4ng gian kh\u00e1c nhau<\/p>\n<\/li>\n<\/ul>\n","protected":false},"featured_media":1378,"template":"","meta":[],"product_brand":[],"product_cat":[66],"product_tag":[],"class_list":{"0":"post-1377","1":"product","2":"type-product","3":"status-publish","4":"has-post-thumbnail","6":"product_cat-gach-be-tong-cuong-do-cao","8":"first","9":"instock","10":"shipping-taxable","11":"product-type-simple"},"_links":{"self":[{"href":"https:\/\/ktech1.k-tech-services.com\/info526\/wp-json\/wp\/v2\/product\/1377","targetHints":{"allow":["GET"]}}],"collection":[{"href":"https:\/\/ktech1.k-tech-services.com\/info526\/wp-json\/wp\/v2\/product"}],"about":[{"href":"https:\/\/ktech1.k-tech-services.com\/info526\/wp-json\/wp\/v2\/types\/product"}],"wp:featuredmedia":[{"embeddable":true,"href":"https:\/\/ktech1.k-tech-services.com\/info526\/wp-json\/wp\/v2\/media\/1378"}],"wp:attachment":[{"href":"https:\/\/ktech1.k-tech-services.com\/info526\/wp-json\/wp\/v2\/media?parent=1377"}],"wp:term":[{"taxonomy":"product_brand","embeddable":true,"href":"https:\/\/ktech1.k-tech-services.com\/info526\/wp-json\/wp\/v2\/product_brand?post=1377"},{"taxonomy":"product_cat","embeddable":true,"href":"https:\/\/ktech1.k-tech-services.com\/info526\/wp-json\/wp\/v2\/product_cat?post=1377"},{"taxonomy":"product_tag","embeddable":true,"href":"https:\/\/ktech1.k-tech-services.com\/info526\/wp-json\/wp\/v2\/product_tag?post=1377"}],"curies":[{"name":"wp","href":"https:\/\/api.w.org\/{rel}","templated":true}]}}