{"id":1458,"date":"2026-02-10T15:25:47","date_gmt":"2026-02-10T15:25:47","guid":{"rendered":"https:\/\/ktech1.k-tech-services.com\/info526\/san-pham\/mau-gach-gia-da-mai-mat-gd01-3-4\/"},"modified":"2026-02-10T15:57:21","modified_gmt":"2026-02-10T15:57:21","slug":"mau-gach-gia-da-mai-mat-gd01-3-4","status":"publish","type":"product","link":"https:\/\/ktech1.k-tech-services.com\/info526\/san-pham\/mau-gach-gia-da-mai-mat-gd01-3-4\/","title":{"rendered":"M\u1eabu g\u1ea1ch gi\u1ea3 \u0111\u00e1 m\u00e0i m\u1eb7t \u2013 G\u011004"},"content":{"rendered":"<ul>\n<li data-start=\"5179\" data-end=\"5207\">\n<p data-start=\"5181\" data-end=\"5207\">\u0110a d\u1ea1ng m\u00e0u s\u1eafc v\u00e0 hoa v\u0103n<\/p>\n<\/li>\n<li data-start=\"5208\" data-end=\"5234\">\n<p data-start=\"5210\" data-end=\"5234\">B\u1ec1 m\u1eb7t m\u00e0i \u0111\u1eb9p, \u0111\u1ed3ng \u0111\u1ec1u<\/p>\n<\/li>\n<li data-start=\"5235\" data-end=\"5272\">\n<p data-start=\"5237\" data-end=\"5272\">T\u0103ng gi\u00e1 tr\u1ecb th\u1ea9m m\u1ef9 cho c\u00f4ng tr\u00ecnh<\/p>\n<\/li>\n<li data-start=\"5273\" data-end=\"5301\">\n<p data-start=\"5275\" data-end=\"5301\">Ph\u00f9 h\u1ee3p c\u00f4ng tr\u00ecnh cao c\u1ea5p<\/p>\n<\/li>\n<li data-start=\"5302\" data-end=\"5328\">\n<p data-start=\"5304\" data-end=\"5328\">Tu\u1ed5i th\u1ecd s\u1eed d\u1ee5ng l\u00e2u d\u00e0i<\/p>\n<\/li>\n<\/ul>\n","protected":false},"excerpt":{"rendered":"<ul>\n<li data-start=\"4332\" data-end=\"4361\">\n<p data-start=\"4334\" data-end=\"4361\">\u0110a d\u1ea1ng m\u1eabu m\u00e3 v\u00e0 m\u00e0u s\u1eafc<\/p>\n<\/li>\n<li data-start=\"4362\" data-end=\"4392\">\n<p data-start=\"4364\" data-end=\"4392\">B\u1ec1 m\u1eb7t m\u00e0i \u0111\u1eb9p, d\u1ec5 v\u1ec7 sinh<\/p>\n<\/li>\n<li data-start=\"4393\" data-end=\"4433\">\n<p data-start=\"4395\" data-end=\"4433\">Ph\u00f9 h\u1ee3p c\u00f4ng tr\u00ecnh c\u1ea3nh quan cao c\u1ea5p<\/p>\n<\/li>\n<li data-start=\"4434\" data-end=\"4462\">\n<p data-start=\"4436\" data-end=\"4462\">Tu\u1ed5i th\u1ecd s\u1eed d\u1ee5ng l\u00e2u d\u00e0i<\/p>\n<\/li>\n<\/ul>\n","protected":false},"featured_media":1449,"template":"","meta":[],"product_brand":[],"product_cat":[68],"product_tag":[],"class_list":{"0":"post-1458","1":"product","2":"type-product","3":"status-publish","4":"has-post-thumbnail","6":"product_cat-gach-gia-da-mai-mat","8":"first","9":"instock","10":"shipping-taxable","11":"product-type-simple"},"_links":{"self":[{"href":"https:\/\/ktech1.k-tech-services.com\/info526\/wp-json\/wp\/v2\/product\/1458","targetHints":{"allow":["GET"]}}],"collection":[{"href":"https:\/\/ktech1.k-tech-services.com\/info526\/wp-json\/wp\/v2\/product"}],"about":[{"href":"https:\/\/ktech1.k-tech-services.com\/info526\/wp-json\/wp\/v2\/types\/product"}],"wp:featuredmedia":[{"embeddable":true,"href":"https:\/\/ktech1.k-tech-services.com\/info526\/wp-json\/wp\/v2\/media\/1449"}],"wp:attachment":[{"href":"https:\/\/ktech1.k-tech-services.com\/info526\/wp-json\/wp\/v2\/media?parent=1458"}],"wp:term":[{"taxonomy":"product_brand","embeddable":true,"href":"https:\/\/ktech1.k-tech-services.com\/info526\/wp-json\/wp\/v2\/product_brand?post=1458"},{"taxonomy":"product_cat","embeddable":true,"href":"https:\/\/ktech1.k-tech-services.com\/info526\/wp-json\/wp\/v2\/product_cat?post=1458"},{"taxonomy":"product_tag","embeddable":true,"href":"https:\/\/ktech1.k-tech-services.com\/info526\/wp-json\/wp\/v2\/product_tag?post=1458"}],"curies":[{"name":"wp","href":"https:\/\/api.w.org\/{rel}","templated":true}]}}