{"id":1499,"date":"2026-02-10T15:50:07","date_gmt":"2026-02-10T15:50:07","guid":{"rendered":"https:\/\/ktech1.k-tech-services.com\/info526\/?post_type=product&#038;p=1499"},"modified":"2026-02-10T15:58:00","modified_gmt":"2026-02-10T15:58:00","slug":"mau-gach-xay-dac","status":"publish","type":"product","link":"https:\/\/ktech1.k-tech-services.com\/info526\/san-pham\/mau-gach-xay-dac\/","title":{"rendered":"M\u1eabu g\u1ea1ch x\u00e2y \u0111\u1eb7c"},"content":{"rendered":"<ul>\n<li data-start=\"5996\" data-end=\"6022\">\n<p data-start=\"5998\" data-end=\"6022\">Ph\u00f9 h\u1ee3p x\u00e2y nh\u00e0 d\u00e2n d\u1ee5ng<\/p>\n<\/li>\n<li data-start=\"6023\" data-end=\"6035\">\n<p data-start=\"6025\" data-end=\"6035\">\u0110\u1ed9 b\u1ec1n cao<\/p>\n<\/li>\n<li data-start=\"6036\" data-end=\"6049\">\n<p data-start=\"6038\" data-end=\"6049\">D\u1ec5 thi c\u00f4ng<\/p>\n<\/li>\n<li data-start=\"6050\" data-end=\"6072\">\n<p data-start=\"6052\" data-end=\"6072\">Ph\u1ed5 bi\u1ebfn, d\u1ec5 s\u1eed d\u1ee5ng<\/p>\n<\/li>\n<li data-start=\"6073\" data-end=\"6095\">\n<p data-start=\"6075\" data-end=\"6095\">Hi\u1ec7u qu\u1ea3 kinh t\u1ebf t\u1ed1t<\/p>\n<\/li>\n<\/ul>\n","protected":false},"excerpt":{"rendered":"<ul>\n<li data-start=\"5153\" data-end=\"5187\">\n<p data-start=\"5155\" data-end=\"5187\">Ph\u00f9 h\u1ee3p x\u00e2y t\u01b0\u1eddng nh\u00e0 d\u00e2n d\u1ee5ng<\/p>\n<\/li>\n<li data-start=\"5188\" data-end=\"5215\">\n<p data-start=\"5190\" data-end=\"5215\">\u0110\u1ed9 b\u1ec1n cao, d\u1ec5 thi c\u00f4ng<\/p>\n<\/li>\n<li data-start=\"5216\" data-end=\"5246\">\n<p data-start=\"5218\" data-end=\"5246\">Ti\u1ebft ki\u1ec7m chi ph\u00ed x\u00e2y d\u1ef1ng<\/p>\n<\/li>\n<li data-start=\"5247\" data-end=\"5290\">\n<p data-start=\"5249\" data-end=\"5290\">S\u1eed d\u1ee5ng ph\u1ed5 bi\u1ebfn trong nhi\u1ec1u c\u00f4ng tr\u00ecnh<\/p>\n<\/li>\n<\/ul>\n","protected":false},"featured_media":1500,"template":"","meta":[],"product_brand":[],"product_cat":[69],"product_tag":[],"class_list":{"0":"post-1499","1":"product","2":"type-product","3":"status-publish","4":"has-post-thumbnail","6":"product_cat-gach-khong-nung","8":"first","9":"instock","10":"shipping-taxable","11":"product-type-simple"},"_links":{"self":[{"href":"https:\/\/ktech1.k-tech-services.com\/info526\/wp-json\/wp\/v2\/product\/1499","targetHints":{"allow":["GET"]}}],"collection":[{"href":"https:\/\/ktech1.k-tech-services.com\/info526\/wp-json\/wp\/v2\/product"}],"about":[{"href":"https:\/\/ktech1.k-tech-services.com\/info526\/wp-json\/wp\/v2\/types\/product"}],"wp:featuredmedia":[{"embeddable":true,"href":"https:\/\/ktech1.k-tech-services.com\/info526\/wp-json\/wp\/v2\/media\/1500"}],"wp:attachment":[{"href":"https:\/\/ktech1.k-tech-services.com\/info526\/wp-json\/wp\/v2\/media?parent=1499"}],"wp:term":[{"taxonomy":"product_brand","embeddable":true,"href":"https:\/\/ktech1.k-tech-services.com\/info526\/wp-json\/wp\/v2\/product_brand?post=1499"},{"taxonomy":"product_cat","embeddable":true,"href":"https:\/\/ktech1.k-tech-services.com\/info526\/wp-json\/wp\/v2\/product_cat?post=1499"},{"taxonomy":"product_tag","embeddable":true,"href":"https:\/\/ktech1.k-tech-services.com\/info526\/wp-json\/wp\/v2\/product_tag?post=1499"}],"curies":[{"name":"wp","href":"https:\/\/api.w.org\/{rel}","templated":true}]}}